{"id":574,"date":"2020-01-01T20:45:58","date_gmt":"2020-01-01T19:45:58","guid":{"rendered":"http:\/\/www.feuerwehr-konken.de\/?page_id=574"},"modified":"2020-01-03T14:46:38","modified_gmt":"2020-01-03T13:46:38","slug":"hlf-10","status":"publish","type":"page","link":"https:\/\/www.feuerwehr-konken.de\/?page_id=574","title":{"rendered":"HLF 10"},"content":{"rendered":"<p><strong><a href=\"http:\/\/www.feuerwehr-konken.de\/wp-content\/uploads\/2020\/01\/45.png\"><img loading=\"lazy\" decoding=\"async\" class=\"size-medium wp-image-582 alignright\" src=\"http:\/\/www.feuerwehr-konken.de\/wp-content\/uploads\/2020\/01\/45-300x225.png\" alt=\"\" width=\"300\" height=\"225\" srcset=\"https:\/\/www.feuerwehr-konken.de\/wp-content\/uploads\/2020\/01\/45-300x225.png 300w, https:\/\/www.feuerwehr-konken.de\/wp-content\/uploads\/2020\/01\/45.png 518w\" sizes=\"auto, (max-width: 300px) 100vw, 300px\" \/><\/a>Indienststellung:<br><\/strong>April 2018<\/p>\n<p><b>Fahrgestell:<br><\/b><b><i>MAN TGM 13.290 4X4 BL FW<\/i><\/b><\/p>\n<p>Leistung:&nbsp;&nbsp;&nbsp;&nbsp;&nbsp;&nbsp;&nbsp;&nbsp; &nbsp;&nbsp;&nbsp; 213kW\/290PS<br>Hubraum:&nbsp;&nbsp;&nbsp;&nbsp;&nbsp;&nbsp;&nbsp; &nbsp;&nbsp;&nbsp; 6,9 Liter<br>Drehmoment: &nbsp;&nbsp; 1150 Nm<br>max. Geschwindigkeit: 100 km\/h<br>zul. Gesamtgewicht: 13.000 kg<br>Bremsanlage: Scheibenbremsen Druckluft<br>Kraftstoffbeh\u00e4lter: 120 Liter<br>Federung: Luftfederung<br>HA H\u00f6henverstellbar<br>Gesamtl\u00e4nge: 7300 mm<br>Radstand: 3950 mm<br>Watf\u00e4higkeit: 450 mm<\/p>\n<p><b>Aufbau:<\/b><\/p>\n<p><b><i>MAGIRUS&nbsp; AluFire3<br><\/i><\/b><b><i>MAGIRUS TeamCab<\/i><\/b><\/p>\n<p>Sondersignalanlage:&nbsp;&nbsp;&nbsp;&nbsp;&nbsp;&nbsp;&nbsp;&nbsp; Magirus\/H\u00e4nsch<br>Martin 4-Schallbecher<br>Bullhorn<br>Pumpe: FPN 10-2000 zweistufig<br>Entl\u00fcftungseinrichtung Primatic<br>autom. Pumpendruckregelung<br>autom. F\u00fcllstandsregelung<br>L\u00f6schwasserbeh\u00e4lter: 1300 Liter<br>Schnellangriff: 30m C42 in Buchten<br>Schaummittelbeh\u00e4lter: 100 Liter<br>Schaumzumischung: Zumischer Z2 fest eingebaut<br>Lichtmast: 6 x LED 24V<br>Unterwurfketten: RUD Rotogrip<\/p>\n<p><b>Beladung:<\/b><\/p>\n<p><b><i>nach DIN 14530-26 \/ GAMS-Plus Satz RLP<br><\/i><\/b><b><i>Zusatzbeladung nach \u00f6rtlichen Belangen<\/i><\/b><\/p>\n<p>Atemschutzger\u00e4te:MSA&nbsp; Auer AirGo\/Automaxx<br>Hydraulikaggregat: Weber E70T<br>Schere: Weber S 200-E<br>Spreizer: Weber SP 53-BS<br>Rettungszylinder: Weber RZT2-775\/RZT3-1500<br>Stromerzeuger: Eisemann BSKA 9 V<br>Schmutzwasserpumpe: Mini-Chiemsee B1300 \/ 230V<br>L\u00fcfter: Tempest BD21 T 5.5<br>Motors\u00e4ge: Stihl MS 261C-M<br>Rettungss\u00e4ge: Stihl MS 461R<br>Leitern: G\u00fcnzburger Steigtechnik<br>Multifunktionsleitern<br>Mehrgasmessger\u00e4t: RAE Systems QRAE II Pump<br>Schutzanz\u00fcge: Microgard Microchem 4000<br>AED: Zoll AED Plus<\/p>\n\n\n<p><\/p>\n","protected":false},"excerpt":{"rendered":"<p>Indienststellung:April 2018 Fahrgestell:MAN TGM 13.290 4X4 BL FW Leistung:&nbsp;&nbsp;&nbsp;&nbsp;&nbsp;&nbsp;&nbsp;&nbsp; &nbsp;&nbsp;&nbsp; 213kW\/290PSHubraum:&nbsp;&nbsp;&nbsp;&nbsp;&nbsp;&nbsp;&nbsp; &nbsp;&nbsp;&nbsp; 6,9 LiterDrehmoment: &nbsp;&nbsp; 1150 Nmmax. Geschwindigkeit: 100 km\/hzul. Gesamtgewicht: 13.000 kgBremsanlage: Scheibenbremsen DruckluftKraftstoffbeh\u00e4lter: 120 LiterFederung: LuftfederungHA H\u00f6henverstellbarGesamtl\u00e4nge: 7300 mmRadstand: 3950 mmWatf\u00e4higkeit: 450 mm Aufbau: MAGIRUS&nbsp; AluFire3MAGIRUS TeamCab Sondersignalanlage:&nbsp;&nbsp;&nbsp;&nbsp;&nbsp;&nbsp;&nbsp;&nbsp; Magirus\/H\u00e4nschMartin 4-SchallbecherBullhornPumpe: FPN 10-2000 zweistufigEntl\u00fcftungseinrichtung Primaticautom. Pumpendruckregelungautom. F\u00fcllstandsregelungL\u00f6schwasserbeh\u00e4lter: 1300 LiterSchnellangriff: 30m C42 in BuchtenSchaummittelbeh\u00e4lter: 100 &hellip; <a href=\"https:\/\/www.feuerwehr-konken.de\/?page_id=574\" class=\"more-link\"><span class=\"screen-reader-text\">HLF 10<\/span> weiterlesen <span class=\"meta-nav\">&rarr;<\/span><\/a><\/p>\n","protected":false},"author":3,"featured_media":0,"parent":14,"menu_order":0,"comment_status":"closed","ping_status":"closed","template":"","meta":{"footnotes":""},"class_list":["post-574","page","type-page","status-publish","hentry"],"_links":{"self":[{"href":"https:\/\/www.feuerwehr-konken.de\/index.php?rest_route=\/wp\/v2\/pages\/574","targetHints":{"allow":["GET"]}}],"collection":[{"href":"https:\/\/www.feuerwehr-konken.de\/index.php?rest_route=\/wp\/v2\/pages"}],"about":[{"href":"https:\/\/www.feuerwehr-konken.de\/index.php?rest_route=\/wp\/v2\/types\/page"}],"author":[{"embeddable":true,"href":"https:\/\/www.feuerwehr-konken.de\/index.php?rest_route=\/wp\/v2\/users\/3"}],"replies":[{"embeddable":true,"href":"https:\/\/www.feuerwehr-konken.de\/index.php?rest_route=%2Fwp%2Fv2%2Fcomments&post=574"}],"version-history":[{"count":5,"href":"https:\/\/www.feuerwehr-konken.de\/index.php?rest_route=\/wp\/v2\/pages\/574\/revisions"}],"predecessor-version":[{"id":595,"href":"https:\/\/www.feuerwehr-konken.de\/index.php?rest_route=\/wp\/v2\/pages\/574\/revisions\/595"}],"up":[{"embeddable":true,"href":"https:\/\/www.feuerwehr-konken.de\/index.php?rest_route=\/wp\/v2\/pages\/14"}],"wp:attachment":[{"href":"https:\/\/www.feuerwehr-konken.de\/index.php?rest_route=%2Fwp%2Fv2%2Fmedia&parent=574"}],"curies":[{"name":"wp","href":"https:\/\/api.w.org\/{rel}","templated":true}]}}