{"id":63,"date":"2013-04-15T01:05:06","date_gmt":"2013-04-14T23:05:06","guid":{"rendered":"https:\/\/www.speckmarschall.de\/wpr\/wordpress\/?page_id=63"},"modified":"2026-03-26T09:16:24","modified_gmt":"2026-03-26T08:16:24","slug":"forderverein","status":"publish","type":"page","link":"https:\/\/www.feuerwehr-konken.de\/?page_id=63","title":{"rendered":"F\u00f6rderverein"},"content":{"rendered":"<p><strong>Feuerwehrf\u00f6rderverein Konken e.V.<\/strong><\/p>\n<p><strong>Vorstand:<br \/><\/strong>Nadine Daub; Vorsitzende<br \/>Pascal Gie\u00dfler; Stellv. Vorsitzender<br \/>Serina Mastalerz; Kassenwart<br \/>Yannik Jaqui; Schriftf\u00fchrer<br \/>Lukas Thei\u00df; Beisitzer<br \/>Emanuel Piinheiro; Beisitzer<br \/>Marco Daub; Wehrf\u00fchrer<br \/>Matthias Amberg und Christian Daub; Stellv. Wehrf\u00fchrer<\/p>\n<p><strong>Anzahl der Mitglieder:<\/strong><br \/>ca. 60 Mitglieder<\/p>\n<p><strong>Anschrift:<\/strong><br \/>Feuerwehrf\u00f6rderverein Konken e.V.<br \/>Nadine Daub\u00a0 (Vorsitzende)<br \/>Homburger Stra\u00dfe 15<br \/>66871 Konken<\/p>\n<p><strong>Was ist der Zweck des Feuerwehrf\u00f6rdervereins?<\/strong><br \/>Der Verein hat die Aufgabe, den Feuerwehrgedanken zu f\u00f6rdern:<\/p>\n<ul>\n<li>durch ideelle und materielle Unterst\u00fctzung des Feuerwehrwesens in der Ortsgemeinde Konken<\/li>\n<li>durch die Wahrnehmung der sozialen Belange aller Mitglieder, insbesondere der Feuerwehrangeh\u00f6rigen<\/li>\n<li>durch die F\u00f6rderung der Jugendfeuerwehr Konken<\/li>\n<li>durch \u00d6ffentlichkeitsarbeit.<\/li>\n<\/ul>\n<p><strong>Wer kann Mitglied werden?<\/strong><br \/>Jeder der das 16. Lebensjahr vollendet hat.<\/p>\n<p><strong>Wie kann man Mitglied werden?<\/strong><br \/>Durch das Ausf\u00fcllen einer Beitrittserkl\u00e4rung.<\/p>\n<p><strong>Wie hoch ist der Mitgliedsbeitrag?<\/strong><br \/>Der Mitgliedsbeitrag betr\u00e4gt 18 \u20ac im Jahr.<\/p>\n<p><strong>Downloads<\/strong><br \/><a href=\"\/wp-content\/uploads\/2015\/04\/Satzung_Feuerwehrfoerderverein_Konken_2013.pdf\">Satzung<\/a><br \/><a href=\"http:\/\/www.feuerwehr-konken.de\/wp-content\/uploads\/2021\/10\/FwFV-Konken-Beitrittserklaerung-DSGVO2021.pdf\">Beitrittserkl\u00e4rung<\/a><br \/><a href=\"http:\/\/www.feuerwehr-konken.de\/wp-content\/uploads\/2021\/11\/FWFV-Konken-Homepage-Version.pdf\">Flyer<\/a><\/p>\n\n\n<div class=\"wp-block-columns is-layout-flex wp-container-core-columns-is-layout-9d6595d7 wp-block-columns-is-layout-flex\">\n<div class=\"wp-block-column is-layout-flow wp-block-column-is-layout-flow\" style=\"flex-basis:100%\">\n<div class=\"wp-block-columns is-layout-flex wp-container-core-columns-is-layout-9d6595d7 wp-block-columns-is-layout-flex\">\n<div class=\"wp-block-column is-layout-flow wp-block-column-is-layout-flow\" style=\"flex-basis:100%\">\n<div class=\"wp-block-columns is-layout-flex wp-container-core-columns-is-layout-9d6595d7 wp-block-columns-is-layout-flex\">\n<div class=\"wp-block-column is-layout-flow wp-block-column-is-layout-flow\" style=\"flex-basis:100%\">\n<div class=\"wp-block-group\"><div class=\"wp-block-group__inner-container is-layout-flow wp-block-group-is-layout-flow\">\n<div class=\"wp-block-columns is-layout-flex wp-container-core-columns-is-layout-9d6595d7 wp-block-columns-is-layout-flex\">\n<div class=\"wp-block-column is-layout-flow wp-block-column-is-layout-flow\" style=\"flex-basis:100%\">\n<div class=\"wp-block-group\"><div class=\"wp-block-group__inner-container is-layout-flow wp-block-group-is-layout-flow\">\n<div class=\"wp-block-columns is-layout-flex wp-container-core-columns-is-layout-9d6595d7 wp-block-columns-is-layout-flex\">\n<div class=\"wp-block-column is-layout-flow wp-block-column-is-layout-flow\" style=\"flex-basis:100%\">\n<figure class=\"wp-block-gallery has-nested-images columns-default is-cropped wp-block-gallery-1 is-layout-flex wp-block-gallery-is-layout-flex\">\n<figure class=\"wp-block-image size-large\"><a href=\"https:\/\/www.feuerwehr-konken.de\/wp-content\/uploads\/2021\/05\/FWFV-Konken-RLBS-Schrift-weiss_1-1-scaled.jpg\"><img loading=\"lazy\" decoding=\"async\" width=\"1024\" height=\"724\" data-id=\"654\" src=\"http:\/\/www.feuerwehr-konken.de\/wp-content\/uploads\/2021\/05\/FWFV-Konken-RLBS-Schrift-weiss_1-1-1024x724.jpg\" alt=\"\" class=\"wp-image-654\" srcset=\"https:\/\/www.feuerwehr-konken.de\/wp-content\/uploads\/2021\/05\/FWFV-Konken-RLBS-Schrift-weiss_1-1-1024x724.jpg 1024w, https:\/\/www.feuerwehr-konken.de\/wp-content\/uploads\/2021\/05\/FWFV-Konken-RLBS-Schrift-weiss_1-1-300x212.jpg 300w, https:\/\/www.feuerwehr-konken.de\/wp-content\/uploads\/2021\/05\/FWFV-Konken-RLBS-Schrift-weiss_1-1-768x543.jpg 768w, https:\/\/www.feuerwehr-konken.de\/wp-content\/uploads\/2021\/05\/FWFV-Konken-RLBS-Schrift-weiss_1-1-1536x1086.jpg 1536w, https:\/\/www.feuerwehr-konken.de\/wp-content\/uploads\/2021\/05\/FWFV-Konken-RLBS-Schrift-weiss_1-1-2048x1448.jpg 2048w\" sizes=\"auto, (max-width: 1024px) 100vw, 1024px\" \/><\/a><\/figure>\n\n\n\n<figure class=\"wp-block-image size-large\"><a href=\"https:\/\/www.feuerwehr-konken.de\/wp-content\/uploads\/2021\/05\/FWFV-Konken-RLBS-Schrift-weiss_2-1-scaled.jpg\"><img loading=\"lazy\" decoding=\"async\" width=\"1024\" height=\"724\" data-id=\"655\" src=\"http:\/\/www.feuerwehr-konken.de\/wp-content\/uploads\/2021\/05\/FWFV-Konken-RLBS-Schrift-weiss_2-1-1024x724.jpg\" alt=\"\" class=\"wp-image-655\" srcset=\"https:\/\/www.feuerwehr-konken.de\/wp-content\/uploads\/2021\/05\/FWFV-Konken-RLBS-Schrift-weiss_2-1-1024x724.jpg 1024w, https:\/\/www.feuerwehr-konken.de\/wp-content\/uploads\/2021\/05\/FWFV-Konken-RLBS-Schrift-weiss_2-1-300x212.jpg 300w, https:\/\/www.feuerwehr-konken.de\/wp-content\/uploads\/2021\/05\/FWFV-Konken-RLBS-Schrift-weiss_2-1-768x543.jpg 768w, https:\/\/www.feuerwehr-konken.de\/wp-content\/uploads\/2021\/05\/FWFV-Konken-RLBS-Schrift-weiss_2-1-1536x1086.jpg 1536w, https:\/\/www.feuerwehr-konken.de\/wp-content\/uploads\/2021\/05\/FWFV-Konken-RLBS-Schrift-weiss_2-1-2048x1448.jpg 2048w\" sizes=\"auto, (max-width: 1024px) 100vw, 1024px\" \/><\/a><\/figure>\n\n\n\n<figure class=\"wp-block-image size-large\"><a href=\"https:\/\/www.feuerwehr-konken.de\/wp-content\/uploads\/2021\/11\/FWFV-Konken-Kontakt-Homepage-scaled.jpg\"><img loading=\"lazy\" decoding=\"async\" width=\"1024\" height=\"724\" data-id=\"754\" src=\"http:\/\/www.feuerwehr-konken.de\/wp-content\/uploads\/2021\/11\/FWFV-Konken-Kontakt-Homepage-1024x724.jpg\" alt=\"\" class=\"wp-image-754\" srcset=\"https:\/\/www.feuerwehr-konken.de\/wp-content\/uploads\/2021\/11\/FWFV-Konken-Kontakt-Homepage-1024x724.jpg 1024w, https:\/\/www.feuerwehr-konken.de\/wp-content\/uploads\/2021\/11\/FWFV-Konken-Kontakt-Homepage-300x212.jpg 300w, https:\/\/www.feuerwehr-konken.de\/wp-content\/uploads\/2021\/11\/FWFV-Konken-Kontakt-Homepage-768x543.jpg 768w, https:\/\/www.feuerwehr-konken.de\/wp-content\/uploads\/2021\/11\/FWFV-Konken-Kontakt-Homepage-1536x1086.jpg 1536w, https:\/\/www.feuerwehr-konken.de\/wp-content\/uploads\/2021\/11\/FWFV-Konken-Kontakt-Homepage-2048x1448.jpg 2048w\" sizes=\"auto, (max-width: 1024px) 100vw, 1024px\" \/><\/a><\/figure>\n<\/figure>\n<\/div>\n<\/div>\n<\/div><\/div>\n<\/div>\n<\/div>\n<\/div><\/div>\n<\/div>\n<\/div>\n<\/div>\n<\/div>\n<\/div>\n<\/div>\n","protected":false},"excerpt":{"rendered":"<p>Feuerwehrf\u00f6rderverein Konken e.V. Vorstand:Nadine Daub; VorsitzendePascal Gie\u00dfler; Stellv. VorsitzenderSerina Mastalerz; KassenwartYannik Jaqui; Schriftf\u00fchrerLukas Thei\u00df; BeisitzerEmanuel Piinheiro; BeisitzerMarco Daub; Wehrf\u00fchrerMatthias Amberg und Christian Daub; Stellv. Wehrf\u00fchrer Anzahl der Mitglieder:ca. 60 Mitglieder Anschrift:Feuerwehrf\u00f6rderverein Konken e.V.Nadine Daub\u00a0 (Vorsitzende)Homburger Stra\u00dfe 1566871 Konken Was ist der Zweck des Feuerwehrf\u00f6rdervereins?Der Verein hat die Aufgabe, den Feuerwehrgedanken zu f\u00f6rdern: durch ideelle und &hellip; <a href=\"https:\/\/www.feuerwehr-konken.de\/?page_id=63\" class=\"more-link\"><span class=\"screen-reader-text\">F\u00f6rderverein<\/span> weiterlesen <span class=\"meta-nav\">&rarr;<\/span><\/a><\/p>\n","protected":false},"author":2,"featured_media":0,"parent":0,"menu_order":4,"comment_status":"closed","ping_status":"closed","template":"","meta":{"footnotes":""},"class_list":["post-63","page","type-page","status-publish","hentry"],"_links":{"self":[{"href":"https:\/\/www.feuerwehr-konken.de\/index.php?rest_route=\/wp\/v2\/pages\/63","targetHints":{"allow":["GET"]}}],"collection":[{"href":"https:\/\/www.feuerwehr-konken.de\/index.php?rest_route=\/wp\/v2\/pages"}],"about":[{"href":"https:\/\/www.feuerwehr-konken.de\/index.php?rest_route=\/wp\/v2\/types\/page"}],"author":[{"embeddable":true,"href":"https:\/\/www.feuerwehr-konken.de\/index.php?rest_route=\/wp\/v2\/users\/2"}],"replies":[{"embeddable":true,"href":"https:\/\/www.feuerwehr-konken.de\/index.php?rest_route=%2Fwp%2Fv2%2Fcomments&post=63"}],"version-history":[{"count":55,"href":"https:\/\/www.feuerwehr-konken.de\/index.php?rest_route=\/wp\/v2\/pages\/63\/revisions"}],"predecessor-version":[{"id":1078,"href":"https:\/\/www.feuerwehr-konken.de\/index.php?rest_route=\/wp\/v2\/pages\/63\/revisions\/1078"}],"wp:attachment":[{"href":"https:\/\/www.feuerwehr-konken.de\/index.php?rest_route=%2Fwp%2Fv2%2Fmedia&parent=63"}],"curies":[{"name":"wp","href":"https:\/\/api.w.org\/{rel}","templated":true}]}}

Förderverein

<p><strong>Feuerwehrförderverein Konken e.V.</strong></p>
<p><strong>Vorstand:<br /></strong>Nadine Daub; Vorsitzende<br />Pascal Gießler; Stellv. Vorsitzender<br />Serina Mastalerz; Kassenwart<br />Yannik Jaqui; Schriftführer<br />Lukas Theiß; Beisitzer<br />Emanuel Piinheiro; Beisitzer<br />Marco Daub; Wehrführer<br />Matthias Amberg und Christian Daub; Stellv. Wehrführer</p>
<p><strong>Anzahl der Mitglieder:</strong><br />ca. 60 Mitglieder</p>
<p><strong>Anschrift:</strong><br />Feuerwehrförderverein Konken e.V.<br />Nadine Daub  (Vorsitzende)<br />Homburger Straße 15<br />66871 Konken</p>
<p><strong>Was ist der Zweck des Feuerwehrfördervereins?</strong><br />Der Verein hat die Aufgabe, den Feuerwehrgedanken zu fördern:</p>
<ul>
<li>durch ideelle und materielle Unterstützung des Feuerwehrwesens in der Ortsgemeinde Konken</li>
<li>durch die Wahrnehmung der sozialen Belange aller Mitglieder, insbesondere der Feuerwehrangehörigen</li>
<li>durch die Förderung der Jugendfeuerwehr Konken</li>
<li>durch Öffentlichkeitsarbeit.</li>
</ul>
<p><strong>Wer kann Mitglied werden?</strong><br />Jeder der das 16. Lebensjahr vollendet hat.</p>
<p><strong>Wie kann man Mitglied werden?</strong><br />Durch das Ausfüllen einer Beitrittserklärung.</p>
<p><strong>Wie hoch ist der Mitgliedsbeitrag?</strong><br />Der Mitgliedsbeitrag beträgt 18 € im Jahr.</p>
<p><strong>Downloads</strong><br /><a href="/wp-content/uploads/2015/04/Satzung_Feuerwehrfoerderverein_Konken_2013.pdf">Satzung</a><br /><a href="http://www.feuerwehr-konken.de/wp-content/uploads/2021/10/FwFV-Konken-Beitrittserklaerung-DSGVO2021.pdf">Beitrittserklärung</a><br /><a href="http://www.feuerwehr-konken.de/wp-content/uploads/2021/11/FWFV-Konken-Homepage-Version.pdf">Flyer</a></p>


<div class="wp-block-columns is-layout-flex wp-container-core-columns-is-layout-9d6595d7 wp-block-columns-is-layout-flex">
<div class="wp-block-column is-layout-flow wp-block-column-is-layout-flow" style="flex-basis:100%">
<div class="wp-block-columns is-layout-flex wp-container-core-columns-is-layout-9d6595d7 wp-block-columns-is-layout-flex">
<div class="wp-block-column is-layout-flow wp-block-column-is-layout-flow" style="flex-basis:100%">
<div class="wp-block-columns is-layout-flex wp-container-core-columns-is-layout-9d6595d7 wp-block-columns-is-layout-flex">
<div class="wp-block-column is-layout-flow wp-block-column-is-layout-flow" style="flex-basis:100%">
<div class="wp-block-group"><div class="wp-block-group__inner-container is-layout-flow wp-block-group-is-layout-flow">
<div class="wp-block-columns is-layout-flex wp-container-core-columns-is-layout-9d6595d7 wp-block-columns-is-layout-flex">
<div class="wp-block-column is-layout-flow wp-block-column-is-layout-flow" style="flex-basis:100%">
<div class="wp-block-group"><div class="wp-block-group__inner-container is-layout-flow wp-block-group-is-layout-flow">
<div class="wp-block-columns is-layout-flex wp-container-core-columns-is-layout-9d6595d7 wp-block-columns-is-layout-flex">
<div class="wp-block-column is-layout-flow wp-block-column-is-layout-flow" style="flex-basis:100%">
<figure class="wp-block-gallery has-nested-images columns-default is-cropped wp-block-gallery-1 is-layout-flex wp-block-gallery-is-layout-flex">
<figure class="wp-block-image size-large"><a href="https://www.feuerwehr-konken.de/wp-content/uploads/2021/05/FWFV-Konken-RLBS-Schrift-weiss_1-1-scaled.jpg"><img loading="lazy" decoding="async" width="1024" height="724" data-id="654" src="http://www.feuerwehr-konken.de/wp-content/uploads/2021/05/FWFV-Konken-RLBS-Schrift-weiss_1-1-1024x724.jpg" alt="" class="wp-image-654" srcset="https://www.feuerwehr-konken.de/wp-content/uploads/2021/05/FWFV-Konken-RLBS-Schrift-weiss_1-1-1024x724.jpg 1024w, https://www.feuerwehr-konken.de/wp-content/uploads/2021/05/FWFV-Konken-RLBS-Schrift-weiss_1-1-300x212.jpg 300w, https://www.feuerwehr-konken.de/wp-content/uploads/2021/05/FWFV-Konken-RLBS-Schrift-weiss_1-1-768x543.jpg 768w, https://www.feuerwehr-konken.de/wp-content/uploads/2021/05/FWFV-Konken-RLBS-Schrift-weiss_1-1-1536x1086.jpg 1536w, https://www.feuerwehr-konken.de/wp-content/uploads/2021/05/FWFV-Konken-RLBS-Schrift-weiss_1-1-2048x1448.jpg 2048w" sizes="auto, (max-width: 1024px) 100vw, 1024px" /></a></figure>



<figure class="wp-block-image size-large"><a href="https://www.feuerwehr-konken.de/wp-content/uploads/2021/05/FWFV-Konken-RLBS-Schrift-weiss_2-1-scaled.jpg"><img loading="lazy" decoding="async" width="1024" height="724" data-id="655" src="http://www.feuerwehr-konken.de/wp-content/uploads/2021/05/FWFV-Konken-RLBS-Schrift-weiss_2-1-1024x724.jpg" alt="" class="wp-image-655" srcset="https://www.feuerwehr-konken.de/wp-content/uploads/2021/05/FWFV-Konken-RLBS-Schrift-weiss_2-1-1024x724.jpg 1024w, https://www.feuerwehr-konken.de/wp-content/uploads/2021/05/FWFV-Konken-RLBS-Schrift-weiss_2-1-300x212.jpg 300w, https://www.feuerwehr-konken.de/wp-content/uploads/2021/05/FWFV-Konken-RLBS-Schrift-weiss_2-1-768x543.jpg 768w, https://www.feuerwehr-konken.de/wp-content/uploads/2021/05/FWFV-Konken-RLBS-Schrift-weiss_2-1-1536x1086.jpg 1536w, https://www.feuerwehr-konken.de/wp-content/uploads/2021/05/FWFV-Konken-RLBS-Schrift-weiss_2-1-2048x1448.jpg 2048w" sizes="auto, (max-width: 1024px) 100vw, 1024px" /></a></figure>



<figure class="wp-block-image size-large"><a href="https://www.feuerwehr-konken.de/wp-content/uploads/2021/11/FWFV-Konken-Kontakt-Homepage-scaled.jpg"><img loading="lazy" decoding="async" width="1024" height="724" data-id="754" src="http://www.feuerwehr-konken.de/wp-content/uploads/2021/11/FWFV-Konken-Kontakt-Homepage-1024x724.jpg" alt="" class="wp-image-754" srcset="https://www.feuerwehr-konken.de/wp-content/uploads/2021/11/FWFV-Konken-Kontakt-Homepage-1024x724.jpg 1024w, https://www.feuerwehr-konken.de/wp-content/uploads/2021/11/FWFV-Konken-Kontakt-Homepage-300x212.jpg 300w, https://www.feuerwehr-konken.de/wp-content/uploads/2021/11/FWFV-Konken-Kontakt-Homepage-768x543.jpg 768w, https://www.feuerwehr-konken.de/wp-content/uploads/2021/11/FWFV-Konken-Kontakt-Homepage-1536x1086.jpg 1536w, https://www.feuerwehr-konken.de/wp-content/uploads/2021/11/FWFV-Konken-Kontakt-Homepage-2048x1448.jpg 2048w" sizes="auto, (max-width: 1024px) 100vw, 1024px" /></a></figure>
</figure>
</div>
</div>
</div></div>
</div>
</div>
</div></div>
</div>
</div>
</div>
</div>
</div>
</div>

<p>Feuerwehrförderverein Konken e.V. Vorstand:Nadine Daub; VorsitzendePascal Gießler; Stellv. VorsitzenderSerina Mastalerz; KassenwartYannik Jaqui; SchriftführerLukas Theiß; BeisitzerEmanuel Piinheiro; BeisitzerMarco Daub; WehrführerMatthias Amberg und Christian Daub; Stellv. Wehrführer Anzahl der Mitglieder:ca. 60 Mitglieder Anschrift:Feuerwehrförderverein Konken e.V.Nadine Daub  (Vorsitzende)Homburger Straße 1566871 Konken Was ist der Zweck des Feuerwehrfördervereins?Der Verein hat die Aufgabe, den Feuerwehrgedanken zu fördern: durch ideelle und &hellip; <a href="https://www.feuerwehr-konken.de/?page_id=63" class="more-link"><span class="screen-reader-text">Förderverein</span> weiterlesen <span class="meta-nav">&rarr;</span></a></p>
